 x(-7)?
10
Let b(i) = -2*i**2 - 2*i - 5. Determine b(2).
-17
Let v(n) = 17*n + 43. Calculate v(-10).
-127
Let w(d) = -7*d - 7. Give w(1).
-14
Let r(d) = -d**3 + 5*d**2 - 5*d + 11. What is r(5)?
-14
Let h(r) = -102*r - 201. Calculate h(-2).
3
Let g(r) = 4*r - 150. Calculate g(36).
-6
Let z(d) = 2*d**3 - 3*d**2 - 3*d + 1. Calculate z(3).
19
Let z(n) = -n**3 + 7*n**2 - 5*n - 6. What is z(6)?
0
Let v(m) = -m - 1. Calculate v(-4).
3
Let r(f) = 54*f - 21. Determine r(1).
33
Let d(t) = -4*t - 17. Calculate d(-3).
-5
Let c(k) = k**3 + 11*k**2 + 8*k - 24. Give c(-10).
-4
Let d(x) = -x**2 + 6*x + 11. Determine d(11).
-44
Let w(s) = -2*s + 9. Give w(0).
9
Let k(d) = d**2 - 15*d - 43. What is k(13)?
-69
Let u(r) = r**3 - 6*r**2 + 4*r + 7. Give u(4).
-9
Let a(u) = -u**3 - 7*u**2 - 7*u - 3. Give a(-5).
-18
Let b(z) = -26*z**2 + 158*z - 6. What is b(6)?
6
Let v(r) = -r**2 + 4*r + 3. Determine v(5).
-2
Let k(y) = 2*y**2 - 36*y - 73. What is k(20)?
7
Let q(u) = u**3 + 19*u**2 + 17*u + 59. Give q(-18).
77
Let l(d) = 2*d**2 + 24*d + 78. Calculate l(-5).
8
Let x(v) = -10*v**3 + 3*v**2 + 4*v. Determine x(-1).
9
Let h(w) = -w**3 + 4*w**2 + 4*w - 1. Determine h(6).
-49
Let a(f) = -3*f - 83. Give a(-30).
7
Let y(n) = 64*n + 15. Determine y(0).
15
Let a(g) = g**3 + 4*g**2 + 2*g + 8. Determine a(-4).
0
Let w(i) = i**2 + 2*i - 61. Calculate w(0).
-61
Let o(k) = -53*k - 152. Calculate o(-3).
7
Let h(k) = -k**3 - 9*k**2 - k + 51. What is h(-8)?
-5
Let l(u) = u**2 + 13*u + 34. Determine l(-14).
48
Let y(v) = 2*v - 10. What is y(3)?
-4
Let z(g) = -2*g**3 - 7*g**2 + 2*g - 5. Calculate z(-6).
163
Let o(v) = -v**2 - 7*v + 12. Give o(-11).
-32
Let z(w) = -2*w**3 - w**2 + 15*w + 2. What is z(3)?
-16
Let g(a) = 18*a - 4. Give g(1).
14
Let b(t) = t**3 - 11*t**2 + 13*t + 19. Determine b(10).
49
Let t(m) = 22*m - 118. Give t(8).
58
Let y(a) = -19*a - 14. Determine y(-1).
5
Let m(n) = -n**2 + n. Determine m(1).
0
Let l(s) = -s**2 + 14*s - 8. Give l(10).
32
Let v(c) = c + 17. Determine v(-7).
10
Let y(z) = 5*z - 68. What is y(13)?
-3
Let j(g) = g**2 - 8*g - 15. Give j(7).
-22
Let j(a) = a**3 - 7*a**2 + 10*a + 1. Calculate j(7).
71
Let x(u) = -u**2 - 7*u - 12. What is x(-4)?
0
Let b(n) = -11*n**2 + 54*n + 6. Determine b(5).
1
Let x(r) = r**2 - r + 2. Determine x(0).
2
Let w(n) = n + 6. Calculate w(-7).
-1
Let x(g) = -g**2 + 16*g + 15. Determine x(17).
-2
Let o(p) = p**2 - p - 4. What is o(4)?
8
Let j(v) = -7*v + 5. Determine j(2).
-9
Let r(k) = 2*k**3 + k**2 + k - 2. What is r(1)?
2
Let a(n) = 3*n + 28. What is a(-5)?
13
Let d(k) = -226*k + 1125. Calculate d(5).
-5
Let z(t) = -t**3 + 3*t**2 + 3*t + 7. Calculate z(4).
3
Let z(s) = -s**2 + 12*s - 24. Determine z(10).
-4
Let r(y) = -y**2 - 5*y + 63. Calculate r(5).
13
Let a(p) = 8*p**3 + 2*p - 2. Determine a(1).
8
Let y(j) = 3*j - 38. Calculate y(11).
-5
Let x(r) = 2*r + 73. Calculate x(-26).
21
Let s(o) = 3*o**2 + o - 11. Calculate s(2).
3
Let x(i) = -8*i - 11. Determine x(8).
-75
Let p(h) = -19*h + 36. What is p(2)?
-2
Let q(m) = m**2 + 17*m - 40. What is q(2)?
-2
Let v(d) = d**2 + 24*d + 30. Give v(-23).
7
Let x(a) = -14*a - 27. Determine x(-3).
15
Let p(g) = 15*g - 50. Determine p(4).
10
Let r(k) = k**3 - 13*k**2 - 31*k - 1. Give r(15).
-16
Let o(h) = h**2 - 32*h + 7. Determine o(31).
-24
Let n(i) = -i**2 + 18*i - 14. Give n(13).
51
Let n(b) = 2*b**2 - 5*b - 9. What is n(-3)?
24
Let m(r) = -r**3 + 6*r**2 + 13*r + 15. Determine m(8).
-9
Let y(b) = b - 13. Determine y(7).
-6
Let l(i) = 19*i - 439. Give l(23).
-2
Let c(n) = n**2 - 8*n + 15. What is c(5)?
0
Let g(x) = -x**2 + 8*x + 7. Determine g(-7).
-98
Let i(y) = y**2 + 5*y + 6. What is i(-4)?
2
Let z(l) = -l**3 + 5*l**2 + 8*l - 3. Calculate z(6).
9
Let w(c) = -3*c**2 + 5*c + 25. Determine w(5).
-25
Let t(s) = -2*s**3 - 2*s**2 - 2*s + 1. What is t(-3)?
43
Let k(r) = -12*r + 12. Give k(-1).
24
Let s(u) = -u + 15. Give s(8).
7
Let d(o) = o**3 + o**2 + 5*o - 15. Give d(2).
7
Let q(k) = -k**3 - 13*k**2 - 9*k + 34. Give q(-12).
-2
Let n(x) = -x**3 + 7. Determine n(0).
7
Let a(v) = -5*v - 3. Calculate a(6).
-33
Let i(k) = 6*k + 15. Determine i(-7).
-27
Let c(b) = -273*b - 1369. Give c(-5).
-4
Let t(a) = a**3 + 3*a**2 - 3*a + 17. What is t(-5)?
-18
Let s(f) = -f**2 + 12*f - 5. Give s(8).
27
Let v(u) = u**2 - 4*u - 23. Determine v(-3).
-2
Let g(l) = l - 2. Give g(1).
-1
Let m(u) = 3*u**2 - 41*u - 12. Determine m(14).
2
Let t(b) = -b**2 - 4*b + 17. What is t(-7)?
-4
Let y(n) = -n**2 + 7*n + 4. Give y(7).
4
Let y(c) = -18*c - 19. Determine y(0).
-19
Let h(l) = -70*l - 349. Calculate h(-5).
1
Let s(b) = -2*b**2 + 59*b - 81. Determine s(28).
3
Let x(t) = 2*t**2 - t - 9. Calculate x(-4).
27
Let m(c) = 3*c - 35. What is m(16)?
13
Let x(i) = i**3 + 6*i**2 + 7*i - 7. Determine x(-5).
-17
Let t(h) = -h**2 + 3*h - 2. What is t(4)?
-6
Let n(s) = -s**3 + s**2 + 5*s + 4. What is n(3)?
1
Let i(t) = t**2 + 10*t - 46. Determine i(-13).
-7
Let s(h) = h**2 + 10*h + 28. Give s(-8).
12
Let r(q) = -q**3 + 13*q**2 - 16*q - 73. What is r(11)?
-7
Let c(o) = -o - 15. Calculate c(-9).
-6
Let f(y) = 27*y - 11. Calculate f(0).
-11
Let k(j) = j**2 + 25*j + 77. What is k(-20)?
-23
Let a(s) = -19*s + 136. Give a(7).
3
Let z(o) = -2*o**2 - 6*o + 32. Determine z(-6).
-4
Let f(r) = r**2 - 11*r + 31. Give f(5).
1
Let a(h) = h**3 - 3*h**2 - 8*h + 5. What is a(5)?
15
Let m(l) = -l**2 + 9*l. Determine m(8).
8
Let z(g) = -34*g + 76. Give z(2).
8
Let x(f) = -7*f + 9. Calculate x(3).
-12
Let i(r) = -3*r - 4. Calculate i(3).
-13
Let k(y) = 2*y**2 + 6*y - 1. What is k(-6)?
35
Let k(n) = 11*n**2 - 4*n + 3. Give k(1).
10
Let q(g) = g**2 - 10*g - 23. Determine q(12).
1
Let t(f) = -f**3 + 13*f**2 - 6*f - 25. What is t(12)?
47
Let u(p) = -14*p + 115. Calculate u(8).
3
Let u(f) = -169*f - 4. What is u(-1)?
165
Let w(q) = -3*q**2 + 22*q - 3. Give w(7).
4
Let m(p) = 2*p**2 + 3*p. Give m(-2).
2
Let i(p) = 14*p - 2. What is i(8)?
110
Let h(y) = 9*y - 90. What is h(12)?
18
Let z(b) = b**3 + 6*b**2 + 7*b + 6. Calculate z(-5).
-4
Let m(y) = -y**2 + 3*y - 5. Determine m(5).
-15
Let b(p) = -p**3 - 5*p**2 + 15*p + 8. What is b(-7)?
1
Let z(r) = r**2 - 20*r - 7. Calculate z(20).
-7
Let c(m) = -m**3 + 15*m**2 - 13*m - 5. What is c(14)?
9
Let c(g) = 29*g**2 + 10*g - 5. Determine c(1).
34
Let i(t) = -t + 1. What is i(-10)?
11
Let b(d) = -d + 2. Calculate b(7).
-5
Let x(q) = -q**2 + 4*q + 25. Determine x(7).
4
Let w(y) = -15*y - 58. Calculate w(-4).
2
Let r(i) = -3*i - 34. What is r(15)?
-79
Let p(t) = 11*t - 77. What is p(8)?
11
Let p(o) = -o**2 + 23*o - 54. Determine p(20).
6
Let b(l) = -l**3 - 21*l**2 + 45*l - 27. What is b(-23)?
-4
Let b(j) = 59*j**2 + j. Determine b(-1).
58
Let a(b) = -3*b - 32. Determine a(-14).
10
Let u(o) = -o**2 + 5*o. Calculate u(5).
0
Let o(a) = a - 9. Calculate o(6).
-3
Let i(r) = r**3 - 6*r**2 - 12*r - 5. Calculate i(8).
27
Let o(t) = t**3 - 2*t - 1. Calculate o(-2).
-5
Let x(v) = v**3 - 2*v**2 - 3*v + 2. Give x(4).
22
Let r(m) = -2*m**2 + 35*m + 20. Give r(18).
2
Let j(c) = -c**3 - 10*c**2 + 9*c - 26. Calculate j(-11).
-4
Let d(j) = j**2 + 15*j + 34. Calculate d(-12).
-2
Let t(h) = -h**2 + 7*h + 4. What is t(12)?
-56
Let p(y) = y**2 - 8*y + 13. Give p(7).
6
Let a(s) = -3*s**2 - 5*s - 4. Calculate a(-3).
-16
Let f(q) = q + 2. Calculate f(0).
2
Let n(u) = -3*u**2 + 196*u - 64. What is n(65)?
1
Let q(o) = o**3 - 5*o**2 + 5*o - 1. Determine q(5).
24
Let x(r) = r**2 + 12*r + 49. Give x(-6).
13
Let l(v) = 47*v. Determine l(1).
47
Let n(k) = -k**2 + 13*k - 37. Determine n(10).
-7
Let h(q) = q**3 - 30*q**2 - 2*q + 60. What is h(30)?
0
Let a(h) = -h + 29. Give a(8).
21
Let q(s) = 7*s + 33. Determine q(-3).
12
Let g(s) = -s + 11. Give g(8).
3
Let q(z) = -2*z - 7. Give q(-16).
25
Let o(u) = -u**2 - 6*u + 4. Calculate o(-3).
13
Let d(y) = y**2 + 9*y - 1. Determine d(-9).
-1
Let u(s) = -s**2 - 6*s - 8. What is u(-7)?
-15
Let y(k) = -k**2 + 3*k + 20. Calculate y(6).
2
Let z(r) = -3*r**2 - 3*r + 29. Determine z(4).
-31
Let p(d) = -14*d - 2. What is p(1)?
-16
Let b(u) = u**3 + 7*u**2 - 10*u - 13. Calculate b(-8).
3
Let n(r) = -2*r**2 - 10*r - 1. Determine n(-6).
-13
Let h(s) = s**3 - 10*s**2 + 7*s - 1. Calculate h(9).
-19
Let r(v) = v**3 - 6*v**2 + 7*v + 4. Determine r(5).
14
Let p(k) = -10*k - 17. Determine p(-4).
23
Let i(c) = 2*c - 2